{"id":50057,"date":"2024-12-11T16:11:39","date_gmt":"2024-12-11T16:11:39","guid":{"rendered":"https:\/\/www.educatce.cl\/sva\/?page_id=50057"},"modified":"2024-12-11T20:44:34","modified_gmt":"2024-12-11T20:44:34","slug":"por-que-sva","status":"publish","type":"page","link":"https:\/\/www.educatce.cl\/sva\/por-que-sva\/","title":{"rendered":"\u00bfPor qu\u00e9 SVA?"},"content":{"rendered":"\t\t<div data-elementor-type=\"wp-page\" data-elementor-id=\"50057\" class=\"elementor elementor-50057\">\n\t\t\t\t<div class=\"elementor-element elementor-element-f330a4e e-flex e-con-boxed e-con e-parent\" data-id=\"f330a4e\" data-element_type=\"container\">\n\t\t\t\t\t<div class=\"e-con-inner\">\n\t\t\t\t<div class=\"elementor-element elementor-element-19dff61 elementor-widget elementor-widget-image\" data-id=\"19dff61\" data-element_type=\"widget\" data-widget_type=\"image.default\">\n\t\t\t\t<div class=\"elementor-widget-container\">\n\t\t\t\t\t\t\t\t\t\t\t\t\t<img fetchpriority=\"high\" decoding=\"async\" width=\"899\" height=\"1024\" src=\"https:\/\/www.educatce.cl\/sva\/wp-content\/uploads\/2024\/12\/director_2-899x1024.png\" class=\"attachment-large size-large wp-image-50082\" alt=\"\" srcset=\"https:\/\/www.educatce.cl\/sva\/wp-content\/uploads\/2024\/12\/director_2-899x1024.png 899w, https:\/\/www.educatce.cl\/sva\/wp-content\/uploads\/2024\/12\/director_2-263x300.png 263w, https:\/\/www.educatce.cl\/sva\/wp-content\/uploads\/2024\/12\/director_2-768x875.png 768w, https:\/\/www.educatce.cl\/sva\/wp-content\/uploads\/2024\/12\/director_2-1349x1536.png 1349w, https:\/\/www.educatce.cl\/sva\/wp-content\/uploads\/2024\/12\/director_2-1798x2048.png 1798w, https:\/\/www.educatce.cl\/sva\/wp-content\/uploads\/2024\/12\/director_2-50x56.png 50w, https:\/\/www.educatce.cl\/sva\/wp-content\/uploads\/2024\/12\/director_2-600x683.png 600w\" sizes=\"(max-width: 899px) 100vw, 899px\" \/>\t\t\t\t\t\t\t\t\t\t\t\t\t<\/div>\n\t\t\t\t<\/div>\n\t\t<div class=\"elementor-element elementor-element-33a4a4c e-con-full e-flex e-con e-child\" data-id=\"33a4a4c\" data-element_type=\"container\">\n\t\t\t\t<\/div>\n\t\t<div class=\"elementor-element elementor-element-a7bf167 e-con-full e-flex e-con e-child\" data-id=\"a7bf167\" data-element_type=\"container\">\n\t\t\t\t<div class=\"elementor-element elementor-element-919aa85 elementor-widget elementor-widget-text-editor\" data-id=\"919aa85\" data-element_type=\"widget\" data-widget_type=\"text-editor.default\">\n\t\t\t\t<div class=\"elementor-widget-container\">\n\t\t\t\t\t\t\t<p>Existe una idea muy ad hoc que, de alg\u00fan modo, re\u00fane la intenci\u00f3n que hemos pretendido este a\u00f1o 2024 en el Colegio Adventista de Talcahuano Centro: <strong>&#8220;El mundo no necesita tanto sermones comonecesita ver en la vida pr\u00e1ctica un cristianismo vivo. Los hombres necesitan un ejemplo m\u00e1s que argumentos.&nbsp; La influencia de una vida santa es m\u00e1spoderosa que la predicaci\u00f3n&#8221;<\/strong> (El Deseado de Todaslas Gentes, p. 125).<\/p>\n<blockquote>\n<p><b>La invitaci\u00f3n es a dejarse tocar por lo que han sido estos &#8220;ejercicios escolares&#8221;, ejercicios provistos y nacidos desde el amor.<\/b><\/p>\n<\/blockquote>\n<p>La decidida propuesta curricular asociada al servicio abnegado, se ha posicionado como un elogio al valordel ser humano, de la sociedad y del mundo (entendido como todo lo que ya no nos pertenece,pero nos afecta).<\/p>\n<p><strong>Felix Jara Retamal<\/strong> \/ <em>Director Colegio Adventista Talcahuano Centro<\/em><\/p>\n\t\t\t\t\t\t<\/div>\n\t\t\t\t<\/div>\n\t\t\t\t<\/div>\n\t\t\t\t\t<\/div>\n\t\t\t\t<\/div>\n\t\t<div class=\"elementor-element elementor-element-0dced78 e-con-full e-flex e-con e-parent\" data-id=\"0dced78\" data-element_type=\"container\" data-settings=\"{&quot;background_background&quot;:&quot;classic&quot;}\">\n\t\t<div class=\"elementor-element elementor-element-51bedb0 e-con-full e-flex e-con e-child\" data-id=\"51bedb0\" data-element_type=\"container\">\n\t\t\t\t<div class=\"elementor-element elementor-element-0286f4f elementor-widget elementor-widget-text-editor\" data-id=\"0286f4f\" data-element_type=\"widget\" data-widget_type=\"text-editor.default\">\n\t\t\t\t<div class=\"elementor-widget-container\">\n\t\t\t\t\t\t\t<h3><span style=\"color: #000000;\"><strong>El servicio y la abnegaci\u00f3n<\/strong><\/span><\/h3>\n<p><span style=\"color: #000000;\">La decidida propuesta curricular asociada al servicio abnegado, se ha posicionado como un elogio al valordel ser humano, de la sociedad y del mundo (entendido como todo lo que ya no nos pertenece, pero nos afecta).<\/span><\/p>\n<p><span style=\"color: #000000;\">Mirar al servicio abnegado como una sustancia c\u00e1lida, honesta, sincera y desprendida. Y que, porintervenci\u00f3n divina, lleguen a ser encarnadas en nuestros estudiantes, \u00bfAcaso no es una hermosaaspiraci\u00f3n institucional? Todav\u00eda m\u00e1s, que estecoraz\u00f3n juvenil abrace con amor a qui\u00e9n lo rodea y alsuyo propio es&nbsp; a\u00fan m\u00e1s inspirador y trascendente.<\/span><\/p>\n\t\t\t\t\t\t<\/div>\n\t\t\t\t<\/div>\n\t\t\t\t<\/div>\n\t\t<div class=\"elementor-element elementor-element-d716703 e-con-full e-flex e-con e-child\" data-id=\"d716703\" data-element_type=\"container\">\n\t\t\t\t<div class=\"elementor-element elementor-element-32c93da elementor-widget elementor-widget-image\" data-id=\"32c93da\" data-element_type=\"widget\" data-widget_type=\"image.default\">\n\t\t\t\t<div class=\"elementor-widget-container\">\n\t\t\t\t\t\t\t\t\t\t\t\t\t<img decoding=\"async\" width=\"1024\" height=\"724\" src=\"https:\/\/www.educatce.cl\/sva\/wp-content\/uploads\/2024\/12\/DSC00585-1-1024x724.jpg\" class=\"attachment-large size-large wp-image-50059\" alt=\"\" srcset=\"https:\/\/www.educatce.cl\/sva\/wp-content\/uploads\/2024\/12\/DSC00585-1-1024x724.jpg 1024w, https:\/\/www.educatce.cl\/sva\/wp-content\/uploads\/2024\/12\/DSC00585-1-300x212.jpg 300w, https:\/\/www.educatce.cl\/sva\/wp-content\/uploads\/2024\/12\/DSC00585-1-768x543.jpg 768w, https:\/\/www.educatce.cl\/sva\/wp-content\/uploads\/2024\/12\/DSC00585-1-1536x1086.jpg 1536w, https:\/\/www.educatce.cl\/sva\/wp-content\/uploads\/2024\/12\/DSC00585-1-2048x1448.jpg 2048w, https:\/\/www.educatce.cl\/sva\/wp-content\/uploads\/2024\/12\/DSC00585-1-850x600.jpg 850w, https:\/\/www.educatce.cl\/sva\/wp-content\/uploads\/2024\/12\/DSC00585-1-600x424.jpg 600w\" sizes=\"(max-width: 1024px) 100vw, 1024px\" \/>\t\t\t\t\t\t\t\t\t\t\t\t\t<\/div>\n\t\t\t\t<\/div>\n\t\t\t\t<\/div>\n\t\t\t\t<\/div>\n\t\t<div class=\"elementor-element elementor-element-683440a e-grid e-con-boxed e-con e-parent\" data-id=\"683440a\" data-element_type=\"container\">\n\t\t\t\t\t<div class=\"e-con-inner\">\n\t\t\t\t<div class=\"elementor-element elementor-element-6a421f9 elementor-widget elementor-widget-spacer\" data-id=\"6a421f9\" data-element_type=\"widget\" data-widget_type=\"spacer.default\">\n\t\t\t\t<div class=\"elementor-widget-container\">\n\t\t\t\t\t<div class=\"elementor-spacer\">\n\t\t\t<div class=\"elementor-spacer-inner\"><\/div>\n\t\t<\/div>\n\t\t\t\t<\/div>\n\t\t\t\t<\/div>\n\t\t\t\t\t<\/div>\n\t\t\t\t<\/div>\n\t\t\t\t<\/div>\n\t\t","protected":false},"excerpt":{"rendered":"<p>Existe una idea muy ad hoc que, de alg\u00fan modo, re\u00fane la intenci\u00f3n que hemos pretendido este a\u00f1o 2024 en el Colegio Adventista de Talcahuano Centro: &#8220;El mundo no necesita tanto sermones comonecesita ver en la vida pr\u00e1ctica un cristianismo vivo. Los hombres necesitan un ejemplo m\u00e1s que argumentos.&nbsp; La influencia de una vida santa [&hellip;]<\/p>\n","protected":false},"author":1,"featured_media":0,"parent":0,"menu_order":0,"comment_status":"closed","ping_status":"closed","template":"","meta":{"pmpro_default_level":"","footnotes":""},"class_list":["post-50057","page","type-page","status-publish","hentry","pmpro-has-access"],"_links":{"self":[{"href":"https:\/\/www.educatce.cl\/sva\/wp-json\/wp\/v2\/pages\/50057","targetHints":{"allow":["GET"]}}],"collection":[{"href":"https:\/\/www.educatce.cl\/sva\/wp-json\/wp\/v2\/pages"}],"about":[{"href":"https:\/\/www.educatce.cl\/sva\/wp-json\/wp\/v2\/types\/page"}],"author":[{"embeddable":true,"href":"https:\/\/www.educatce.cl\/sva\/wp-json\/wp\/v2\/users\/1"}],"replies":[{"embeddable":true,"href":"https:\/\/www.educatce.cl\/sva\/wp-json\/wp\/v2\/comments?post=50057"}],"version-history":[{"count":68,"href":"https:\/\/www.educatce.cl\/sva\/wp-json\/wp\/v2\/pages\/50057\/revisions"}],"predecessor-version":[{"id":50140,"href":"https:\/\/www.educatce.cl\/sva\/wp-json\/wp\/v2\/pages\/50057\/revisions\/50140"}],"wp:attachment":[{"href":"https:\/\/www.educatce.cl\/sva\/wp-json\/wp\/v2\/media?parent=50057"}],"curies":[{"name":"wp","href":"https:\/\/api.w.org\/{rel}","templated":true}]}}